is divided by 74.
66
What is the remainder when 105 is divided by 3?
0
What is the remainder when 663 is divided by 74?
71
What is the remainder when 35 is divided by 13?
9
Calculate the remainder when 779 is divided by 27.
23
What is the remainder when 910 is divided by 16?
14
What is the remainder when 1801 is divided by 50?
1
Calculate the remainder when 833 is divided by 19.
16
Calculate the remainder when 331 is divided by 239.
92
Calculate the remainder when 271 is divided by 83.
22
Calculate the remainder when 683 is divided by 56.
11
Calculate the remainder when 908 is divided by 182.
180
What is the remainder when 212 is divided by 25?
12
What is the remainder when 125 is divided by 32?
29
Calculate the remainder when 56 is divided by 5.
1
What is the remainder when 388 is divided by 99?
91
Calculate the remainder when 503 is divided by 12.
11
What is the remainder when 75 is divided by 75?
0
What is the remainder when 151 is divided by 7?
4
Calculate the remainder when 90 is divided by 12.
6
What is the remainder when 8887 is divided by 35?
32
Calculate the remainder when 54 is divided by 39.
15
What is the remainder when 511 is divided by 166?
13
What is the remainder when 927 is divided by 29?
28
What is the remainder when 837 is divided by 25?
12
What is the remainder when 1076 is divided by 209?
31
Calculate the remainder when 1299 is divided by 45.
39
Calculate the remainder when 249 is divided by 86.
77
Calculate the remainder when 591 is divided by 28.
3
What is the remainder when 242 is divided by 82?
78
What is the remainder when 16845 is divided by 208?
205
What is the remainder when 218 is divided by 55?
53
Calculate the remainder when 890 is divided by 50.
40
Calculate the remainder when 213 is divided by 31.
27
What is the remainder when 296 is divided by 30?
26
Calculate the remainder when 247 is divided by 245.
2
Calculate the remainder when 592 is divided by 158.
118
Calculate the remainder when 172 is divided by 45.
37
What is the remainder when 634 is divided by 106?
104
Calculate the remainder when 7753 is divided by 14.
11
Calculate the remainder when 13251 is divided by 29.
27
What is the remainder when 815 is divided by 212?
179
What is the remainder when 1072 is divided by 37?
36
Calculate the remainder when 271 is divided by 17.
16
What is the remainder when 121 is divided by 36?
13
What is the remainder when 174 is divided by 57?
3
Calculate the remainder when 226 is divided by 77.
72
Calculate the remainder when 230 is divided by 124.
106
Calculate the remainder when 277 is divided by 14.
11
Calculate the remainder when 69 is divided by 31.
7
Calculate the remainder when 83 is divided by 7.
6
What is the remainder when 1649 is divided by 150?
149
Calculate the remainder when 869 is divided by 175.
169
Calculate the remainder when 2260 is divided by 565.
0
What is the remainder when 102 is divided by 49?
4
Calculate the remainder when 4153 is divided by 31.
30
What is the remainder when 851 is divided by 45?
41
What is the remainder when 207 is divided by 35?
32
Calculate the remainder when 1593 is divided by 57.
54
What is the remainder when 19676 is divided by 24?
20
Calculate the remainder when 913 is divided by 162.
103
What is the remainder when 102 is divided by 28?
18
Calculate the remainder when 15744 is divided by 127.
123
Calculate the remainder when 1189 is divided by 105.
34
Calculate the remainder when 356 is divided by 13.
5
What is the remainder when 197 is divided by 29?
23
What is the remainder when 680 is divided by 224?
8
What is the remainder when 434 is divided by 52?
18
What is the remainder when 175 is divided by 46?
37
Calculate the remainder when 92 is divided by 50.
42
What is the remainder when 61 is divided by 36?
25
What is the remainder when 368 is divided by 9?
8
Calculate the remainder when 851 is divided by 14.
11
What is the remainder when 2445 is divided by 303?
21
Calculate the remainder when 2094 is divided by 345.
24
What is the remainder when 1802 is divided by 43?
39
What is the remainder when 6896 is divided by 75?
71
Calculate the remainder when 214 is divided by 97.
20
What is the remainder when 1251 is divided by 105?
96
What is the remainder when 1360 is divided by 39?
34
Calculate the remainder when 8316 is divided by 65.
61
Calculate the remainder when 1721 is divided by 69.
65
What is the remainder when 2319 is divided by 101?
97
What is the remainder when 645 is divided by 85?
50
Calculate the remainder when 1123 is divided by 371.
10
What is the remainder when 45 is divided by 24?
21
What is the remainder when 2614 is divided by 174?
4
Calculate the remainder when 1511 is divided by 299.
16
Calculate the remainder when 299 is divided by 75.
74
Calculate the remainder when 1366 is divided by 599.
168
What is the remainder when 157 is divided by 39?
1
What is the remainder when 304 is divided by 65?
44
Calculate the remainder when 318 is divided by 46.
42
Calculate the remainder when 142 is divided by 130.
12
What is the remainder when 57 is divided by 17?
6
What is the remainder when 2759 is divided by 69?
68
What is the remainder when 107 is divided by 22?
19
Calculate the remainder when 835 is divided by 15.
10
What is the remainder when 139 is divided by 70?
69
What is the remainder when 313 is divided by 128?
57
What is the remainder when 259 is divided by 13?
12
Calculate the remainder when 257 is divided by 52.
49
What is the remainder when 765 is divided by 69?
6
What is the remainder when 482 is divided by 110?
42
Calculate the remainder when 3118 is divided by 156.
154
What is the remainder when 1062 is divided by 299?
165
What is the remainder when 1897 is divided by 38?
35
What is the remainder when 473 is divided by 114?
17
Calculate the remainder when 90 is divided by 27.
9
Calculate the remainder when 4423 is divided by 33.
1
Calculate the remainder when 264 is divided by 74.
42
Calculate the remainder when 243 is divided by 49.
47
What is the remainder when 167 is divided by 101?
66
Calculate the remainder when 108 is divided by 66.
42
What is the remainder when 1635 is divided by 79?
55
What is the remainder when 103 is divided by 30?
13
Calculate the remainder when 328 is divided by 47.
46
What is the remainder when 60533 is divided by 23?
20
What is the remainder when 9306 is divided by 41?
40
What is the remainder when 1989 is divided by 83?
80
What is the remainder when 70 is divided by 48?
22
Calculate the remainder when 106 is divided by 94.
12
What is the remainder when 182 is divided by 4?
2
What is the remainder when 5805 is divided by 132?
129
What is the remainder when 85 is divided by 30?
25
What is the remainder when 1774 is divided by 294?
10
Calculate the remainder when 441 is divided by 73.
3
What is the remainder when 559 is divided by 56?
55
What is the remainder when 229 is divided by 23?
22
What is the remainder when 1791 is divided by 6?
3
What is the remainder when 131 is divided by 51?
29
What is the remainder when 450 is divided by 162?
126
What is the remainder when 1830 is divided by 122?
0
What is the remainder when 3080 is divided by 46?
44
Calculate the remainder when 52 is divided by 50.
2
Calculate the remainder when 567 is divided by 105.
42
What is the remainder when 5349 is divided by 9?
3
Calculate the remainder when 511 is divided by 32.
31
Calculate the remainder when 1441 is divided by 242.
231
What is the remainder when 75 is divided by 6?
3
What is the remainder when 133 is divided by 3?
1
What is the remainder when 211 is divided by 9?
4
Calculate the remainder when 432 is divided by 228.
204
What is the remainder when 964 is divided by 54?
46
What is the remainder when 512 is divided by 9?
8
Calculate the remainder when 45 is divided by 35.
10
Calculate the remainder when 435 is divided by 19.
17
What is the remainder when 984 is divided by 489?
6
Calculate the remainder when 340 is divided by 209.
131
Calculate the remainder when 317 is divided by 20.
17
What is the remainder when 170 is divided by 79?
12
Calculate the remainder when 166 is divided by 19.
14
What is the remainder when 1567 is divided by 172?
19
What is the remainder when 2859 is divided by 37?
10
What is the remainder when 587 is d